{"id":535,"date":"2021-04-24T08:45:04","date_gmt":"2021-04-24T08:45:04","guid":{"rendered":"https:\/\/prlic.biz\/?post_type=product&#038;p=535"},"modified":"2022-09-14T02:24:43","modified_gmt":"2022-09-14T02:24:43","slug":"unikatne-ploce-iz-jednog-komada","status":"publish","type":"product","link":"https:\/\/prlic.biz\/?product=unikatne-ploce-iz-jednog-komada","title":{"rendered":"Unikatne plo\u010de iz jednog komada"},"content":{"rendered":"<p>Unikatne plo\u010de rade se od bukve, hrasta, topole-mazera. Sve plo\u010de su iz jednog komada velikih dimenzija. Rubovi plo\u010da ostaju onakvi kakvi su bili na drvetu. Plo\u010de se rade u slijede\u0107im dimenzijama: du\u017eina 1,4m &#8211; 4,5m, \u0161irine 0,8 &#8211; 1,4m, debljine 6 &#8211; 8 cm. Svaka plo\u010da je unikatna i na svijetu ne postoje dvije iste plo\u010de.<\/p>\n<p>Noge za stolove mogu biti od drveta iste vrste kao plo\u010da ili metalne noge sa bojom po \u017eelji kupca. Zavr\u0161na obrada bio-ulje ili lak.<\/p>\n<p>Tako\u0111er u na\u0161oj ponudi imamo plo\u010de od istih vrsta drveta sa velikim gabaritima u suhom stanju, tako da kupac sam sebi mo\u017ee izraditi stol.<\/p>\n","protected":false},"excerpt":{"rendered":"<p>Unikatne plo\u010de rade se od bukve, hrasta, topole-mazera. Sve plo\u010de su iz jednog komada velikih dimenzija. Rubovi plo\u010da ostaju onakvi kakvi su bili na drvetu. Plo\u010de se rade u slijede\u0107im dimenzijama: du\u017eina 1,4m &#8211; 4,5m, \u0161irine 0,8 &#8211; 1,4m, debljine 6 &#8211; 8 cm. Svaka plo\u010da je unikatna i na svijetu ne postoje dvije iste plo\u010de.<\/p>\n","protected":false},"featured_media":543,"comment_status":"open","ping_status":"closed","template":"","meta":{"_regular_price":[],"currency_symbol":[],"_monsterinsights_skip_tracking":false,"_monsterinsights_sitenote_active":false,"_monsterinsights_sitenote_note":"","_monsterinsights_sitenote_category":0},"product_brand":[],"product_cat":[23,27],"product_tag":[],"class_list":{"0":"post-535","1":"product","2":"type-product","3":"status-publish","4":"has-post-thumbnail","6":"product_cat-unikanti-stolovi-i-stolice","7":"product_cat-unikatne-ploce-iz-jednog-komada","9":"first","10":"instock","11":"shipping-taxable","12":"product-type-simple"},"aioseo_notices":[],"post_slider_layout_featured_media_urls":{"thumbnail":["https:\/\/prlic.biz\/wp-content\/uploads\/2021\/04\/plocafinal-150x150.jpg",150,150,true],"post_slider_layout_landscape_large":["https:\/\/prlic.biz\/wp-content\/uploads\/2021\/04\/plocafinal.jpg",270,290,false],"post_slider_layout_portrait_large":["https:\/\/prlic.biz\/wp-content\/uploads\/2021\/04\/plocafinal.jpg",270,290,false],"post_slider_layout_square_large":["https:\/\/prlic.biz\/wp-content\/uploads\/2021\/04\/plocafinal.jpg",270,290,false],"post_slider_layout_landscape":["https:\/\/prlic.biz\/wp-content\/uploads\/2021\/04\/plocafinal.jpg",270,290,false],"post_slider_layout_portrait":["https:\/\/prlic.biz\/wp-content\/uploads\/2021\/04\/plocafinal.jpg",270,290,false],"post_slider_layout_square":["https:\/\/prlic.biz\/wp-content\/uploads\/2021\/04\/plocafinal.jpg",270,290,false],"full":["https:\/\/prlic.biz\/wp-content\/uploads\/2021\/04\/plocafinal.jpg",270,290,false]},"_links":{"self":[{"href":"https:\/\/prlic.biz\/index.php?rest_route=\/wp\/v2\/product\/535","targetHints":{"allow":["GET"]}}],"collection":[{"href":"https:\/\/prlic.biz\/index.php?rest_route=\/wp\/v2\/product"}],"about":[{"href":"https:\/\/prlic.biz\/index.php?rest_route=\/wp\/v2\/types\/product"}],"replies":[{"embeddable":true,"href":"https:\/\/prlic.biz\/index.php?rest_route=%2Fwp%2Fv2%2Fcomments&post=535"}],"wp:featuredmedia":[{"embeddable":true,"href":"https:\/\/prlic.biz\/index.php?rest_route=\/wp\/v2\/media\/543"}],"wp:attachment":[{"href":"https:\/\/prlic.biz\/index.php?rest_route=%2Fwp%2Fv2%2Fmedia&parent=535"}],"wp:term":[{"taxonomy":"product_brand","embeddable":true,"href":"https:\/\/prlic.biz\/index.php?rest_route=%2Fwp%2Fv2%2Fproduct_brand&post=535"},{"taxonomy":"product_cat","embeddable":true,"href":"https:\/\/prlic.biz\/index.php?rest_route=%2Fwp%2Fv2%2Fproduct_cat&post=535"},{"taxonomy":"product_tag","embeddable":true,"href":"https:\/\/prlic.biz\/index.php?rest_route=%2Fwp%2Fv2%2Fproduct_tag&post=535"}],"curies":[{"name":"wp","href":"https:\/\/api.w.org\/{rel}","templated":true}]}}